{"id":1395,"date":"2016-03-10T21:54:19","date_gmt":"2016-03-10T21:54:19","guid":{"rendered":"http:\/\/sol.fm.br\/radio\/?page_id=1395"},"modified":"2020-08-05T14:09:22","modified_gmt":"2020-08-05T17:09:22","slug":"ouca-no-celular","status":"publish","type":"page","link":"https:\/\/sol.fm.br\/radio\/ouca-no-celular\/","title":{"rendered":"OU\u00c7A NO CELULAR"},"content":{"rendered":"<div id=\"dslc-theme-content\"><div id=\"dslc-theme-content-inner\"><p><center class=\"alignnone\"><img loading=\"lazy\" decoding=\"async\" width=\"615\" height=\"509\" class=\"alignleft wp-image-6512\" src=\"https:\/\/i1.wp.com\/sol.fm.br\/radio\/wp-content\/uploads\/2016\/03\/logo_radio_sol.png?resize=163%2C135\" sizes=\"auto, (max-width: 163px) 100vw, 163px\" srcset=\"https:\/\/i1.wp.com\/sol.fm.br\/radio\/wp-content\/uploads\/2016\/03\/logo_radio_sol.png?resize=300%2C248 300w, https:\/\/i1.wp.com\/sol.fm.br\/radio\/wp-content\/uploads\/2016\/03\/logo_radio_sol.png?w=615 615w\" alt=\"\" data-recalc-dims=\"1\" \/><\/center><\/p>\n<h2><\/h2>\n<h2><\/h2>\n<h2><\/h2>\n<h2><\/h2>\n<h2 class=\"alignnone\" style=\"text-align: center;\">N\u00e3o precisa baixar aplicativo para ouvir a Sol FM.<br \/>\n\u00c9 s\u00f3 clicar no Play e curtir.<\/h2>\n<p>&nbsp;<\/p>\n<p><center><!-- BEGINS: AUTO-GENERATED MUSES RADIO PLAYER CODE --><br \/>\n<script type=\"text\/javascript\" src=\"https:\/\/hosted.muses.org\/mrp.js\"><\/script><br \/>\n<script type=\"text\/javascript\">\nMRP.insert({\n'url':'http:\/\/08.stmip.net:9204\/stream',\n'codec':'aac',\n'volume':80,\n'autoplay':true,\n'jsevents':true,\n'buffering':0,\n'title':'RADIO SOL FM',\n'wmode':'transparent',\n'skin':'largebayfm',\n'width':451,\n'height':90\n});\n<\/script><br \/>\n<!-- ENDS: AUTO-GENERATED MUSES RADIO PLAYER CODE --><\/center><\/p>\n<hr \/>\n<p>&nbsp;<\/p>\n<h3 style=\"text-align: center;\"><a href=\"https:\/\/play.google.com\/store\/apps\/details?id=com.shoutcast.app.solfm\" target=\"_blank\" rel=\"noopener\">SE PREFERIR, BAIXE NOSSO APP<\/a><\/h3>\n<h3 style=\"text-align: center;\"><a href=\" http:\/\/player.suaradionanet.com\/android\/10885.apk \"><img loading=\"lazy\" decoding=\"async\" width=\"500\" height=\"500\" class=\"wp-image-6586 aligncenter\" src=\"https:\/\/i2.wp.com\/sol.fm.br\/radio\/wp-content\/uploads\/2017\/04\/android_logo.png?resize=169%2C169\" sizes=\"auto, (max-width: 169px) 100vw, 169px\" srcset=\"https:\/\/i2.wp.com\/sol.fm.br\/radio\/wp-content\/uploads\/2017\/04\/android_logo.png?w=500 500w, https:\/\/i2.wp.com\/sol.fm.br\/radio\/wp-content\/uploads\/2017\/04\/android_logo.png?resize=150%2C150 150w, https:\/\/i2.wp.com\/sol.fm.br\/radio\/wp-content\/uploads\/2017\/04\/android_logo.png?resize=300%2C300 300w, https:\/\/i2.wp.com\/sol.fm.br\/radio\/wp-content\/uploads\/2017\/04\/android_logo.png?resize=50%2C50 50w, https:\/\/i2.wp.com\/sol.fm.br\/radio\/wp-content\/uploads\/2017\/04\/android_logo.png?resize=185%2C185 185w, https:\/\/i2.wp.com\/sol.fm.br\/radio\/wp-content\/uploads\/2017\/04\/android_logo.png?resize=87%2C87 87w, https:\/\/i2.wp.com\/sol.fm.br\/radio\/wp-content\/uploads\/2017\/04\/android_logo.png?resize=166%2C166 166w, https:\/\/i2.wp.com\/sol.fm.br\/radio\/wp-content\/uploads\/2017\/04\/android_logo.png?resize=212%2C212 212w, https:\/\/i2.wp.com\/sol.fm.br\/radio\/wp-content\/uploads\/2017\/04\/android_logo.png?resize=235%2C235 235w, https:\/\/i2.wp.com\/sol.fm.br\/radio\/wp-content\/uploads\/2017\/04\/android_logo.png?resize=318%2C318 318w, https:\/\/i2.wp.com\/sol.fm.br\/radio\/wp-content\/uploads\/2017\/04\/android_logo.png?resize=275%2C275 275w, https:\/\/i2.wp.com\/sol.fm.br\/radio\/wp-content\/uploads\/2017\/04\/android_logo.png?resize=97%2C97 97w, https:\/\/i2.wp.com\/sol.fm.br\/radio\/wp-content\/uploads\/2017\/04\/android_logo.png?resize=66%2C66 66w\" alt=\"\" data-recalc-dims=\"1\" \/><\/a><a href=\"http:\/\/suaradio2.dyndns.ws:10885\/stream \"><img loading=\"lazy\" decoding=\"async\" width=\"256\" height=\"256\" class=\"alignnone wp-image-6588\" src=\"https:\/\/i1.wp.com\/sol.fm.br\/radio\/wp-content\/uploads\/2016\/03\/mobile-app-launch-icon-20.png?resize=151%2C151\" sizes=\"auto, (max-width: 151px) 100vw, 151px\" srcset=\"https:\/\/i1.wp.com\/sol.fm.br\/radio\/wp-content\/uploads\/2016\/03\/mobile-app-launch-icon-20.png?w=256 256w, https:\/\/i1.wp.com\/sol.fm.br\/radio\/wp-content\/uploads\/2016\/03\/mobile-app-launch-icon-20.png?resize=150%2C150 150w, https:\/\/i1.wp.com\/sol.fm.br\/radio\/wp-content\/uploads\/2016\/03\/mobile-app-launch-icon-20.png?resize=50%2C50 50w, https:\/\/i1.wp.com\/sol.fm.br\/radio\/wp-content\/uploads\/2016\/03\/mobile-app-launch-icon-20.png?resize=185%2C185 185w, https:\/\/i1.wp.com\/sol.fm.br\/radio\/wp-content\/uploads\/2016\/03\/mobile-app-launch-icon-20.png?resize=87%2C87 87w, https:\/\/i1.wp.com\/sol.fm.br\/radio\/wp-content\/uploads\/2016\/03\/mobile-app-launch-icon-20.png?resize=166%2C166 166w, https:\/\/i1.wp.com\/sol.fm.br\/radio\/wp-content\/uploads\/2016\/03\/mobile-app-launch-icon-20.png?resize=212%2C212 212w, https:\/\/i1.wp.com\/sol.fm.br\/radio\/wp-content\/uploads\/2016\/03\/mobile-app-launch-icon-20.png?resize=235%2C235 235w, https:\/\/i1.wp.com\/sol.fm.br\/radio\/wp-content\/uploads\/2016\/03\/mobile-app-launch-icon-20.png?resize=97%2C97 97w, https:\/\/i1.wp.com\/sol.fm.br\/radio\/wp-content\/uploads\/2016\/03\/mobile-app-launch-icon-20.png?resize=66%2C66 66w\" alt=\"\" data-recalc-dims=\"1\" \/><\/a><\/h3>\n<\/div><\/div>","protected":false},"excerpt":{"rendered":"<p>N\u00e3o precisa baixar aplicativo para ouvir a Sol FM. \u00c9 s\u00f3 clicar no Play e curtir. &nbsp; &nbsp; SE PREFERIR, BAIXE NOSSO APP<\/p>\n","protected":false},"author":2,"featured_media":0,"parent":0,"menu_order":0,"comment_status":"closed","ping_status":"closed","template":"","meta":{"footnotes":""},"class_list":["post-1395","page","type-page","status-publish","hentry"],"_links":{"self":[{"href":"https:\/\/sol.fm.br\/radio\/wp-json\/wp\/v2\/pages\/1395","targetHints":{"allow":["GET"]}}],"collection":[{"href":"https:\/\/sol.fm.br\/radio\/wp-json\/wp\/v2\/pages"}],"about":[{"href":"https:\/\/sol.fm.br\/radio\/wp-json\/wp\/v2\/types\/page"}],"author":[{"embeddable":true,"href":"https:\/\/sol.fm.br\/radio\/wp-json\/wp\/v2\/users\/2"}],"replies":[{"embeddable":true,"href":"https:\/\/sol.fm.br\/radio\/wp-json\/wp\/v2\/comments?post=1395"}],"version-history":[{"count":29,"href":"https:\/\/sol.fm.br\/radio\/wp-json\/wp\/v2\/pages\/1395\/revisions"}],"predecessor-version":[{"id":32792,"href":"https:\/\/sol.fm.br\/radio\/wp-json\/wp\/v2\/pages\/1395\/revisions\/32792"}],"wp:attachment":[{"href":"https:\/\/sol.fm.br\/radio\/wp-json\/wp\/v2\/media?parent=1395"}],"curies":[{"name":"wp","href":"https:\/\/api.w.org\/{rel}","templated":true}]}}